 = w - -54. Calculate the remainder when 22 is divided by s.
1
Calculate the remainder when (-2 - 0) + 10523/119*7 is divided by 10.
7
Let c = -6 + 9. What is the remainder when 23 is divided by -4 + 30/2 - c?
7
Let h = -34 - -74. Suppose -4*k - 5*f = -0*f - 485, 4*f = 5*k - 555. What is the remainder when k is divided by h?
35
Suppose 2*c - 35 = m, c + 61*m - 63*m - 22 = 0. Calculate the remainder when 1023 is divided by c.
15
Suppose -r + 2 = -4. Suppose -3*o - 58 = -5*u, 2*o - 36 = -u - u. What is the remainder when u is divided by (3/r)/(1/16 - 0)?
6
Suppose q = -2*k + 2, -6*k = 4*q - k - 11. Suppose 2*v - 22 = -2*o, 3*v + 5*o - 35 = -0*v. Let g = v - q. Calculate the remainder when 21 is divided by g.
3
What is the remainder when (4 + 1155/3)*(-2 + 3) is divided by 22?
15
Let c = -218 - -273. Calculate the remainder when c is divided by 62/4 + (-4)/8.
10
Calculate the remainder when 156/8*2/3 is divided by 1 + 10 + (-16)/4.
6
Suppose -f - 2*x - 10 = 7, -5*f - 129 = -x. Let a = -20 - f. Suppose -5*z = 3*s - 47, z + a*s = 4*z - 35. What is the remainder when 38 is divided by z?
8
Suppose -5*y - 6 + 81 = 0. Calculate the remainder when ((-1)/((-1)/76))/1 is divided by (1 + y/9)*(9 - 3).
12
Let n be (-6)/(-27) - 156/(-27). Let s be 28/n + 52/39. What is the remainder when 60 is divided by 4/6 + 182/s?
29
Let y be -15*(80/12)/(-5). Suppose 3*o = 4 + y. Suppose -116 = -3*d - d. What is the remainder when d is divided by o?
5
Suppose -4*u - 10 - 33 = -x, 4*x + 2*u - 118 = 0. Calculate the remainder when 555 is divided by x.
28
Let b = -178 + 371. Calculate the remainder when b is divided by 65.
63
Suppose 3*q = 4*v + 259, 6*v + 348 = 4*q + 2*v. What is the remainder when q is divided by 38?
13
Suppose 11*u + 3569 - 8662 = 0. What is the remainder when u is divided by 16?
15
Let z = -2297 - -2308. What is the remainder when 767 is divided by z?
8
Let b(a) be the second derivative of -4/3*a**3 + 11/12*a**4 + 0 - 1/20*a**5 + 1/2*a**2 + a. What is the remainder when 39 is divided by b(10)?
18
Let h = 172 - 151. Calculate the remainder when 76 is divided by h.
13
Let h(q) = -q**2 - q + 5. Let a be h(0). Suppose 250 = -5*t + a*x, 7*t = 3*t - 2*x - 194. Calculate the remainder when (21/t)/(2/(-14)) is divided by 1.
0
Suppose -3*t + 30 + 126 = 3*r, 3*r = 2*t + 136. Suppose 0*s = 4*s - r. Calculate the remainder when 23 is divided by s.
11
Let z be 3 + -5 + 124/1. Suppose 3*j + 5*g = 60 + 40, 0 = -4*j - g + z. What is the remainder when j is divided by 11?
8
Suppose 0 = -31*h + 7*h + 48. Calculate the remainder when 33 is divided by h.
1
Let c(r) = 10*r - 3. Let l be c(-12). What is the remainder when 41 is divided by 2/4 - l/6?
20
Suppose 3*t - t = 18. Let p be -6*(-5 + (-6)/9 + 5). Suppose -5*u + 20 = p*n, -u - u + 20 = 4*n. Calculate the remainder when t is divided by n.
4
Let n = -11 - -14. Suppose n*o + 0*j = 3*j + 24, 3*o = 4*j + 26. Calculate the remainder when 19 is divided by o.
1
Let h(t) = -9*t - 3. Let r be h(-5). Let l = -6 + r. What is the remainder when 213 is divided by l?
33
Let x(g) = g**2 + 18*g + 21. Let l be x(-17). Suppose -2 = 4*f - 18, 0 = -2*h + l*f - 1426. What is the remainder when h/(-6)*8/20 is divided by 16?
15
Let d(s) = 16*s - 1. Let p = -114 - -180. Suppose 63*q - p*q = -12. Calculate the remainder when d(1) is divided by q.
3
Calculate the remainder when 143 is divided by (-3)/7 + 544/28.
10
Let a(g) = -4*g - 31. What is the remainder when 116 is divided by a(-12)?
14
Let y be (1 + 11)*(-2)/(-4). Let v(c) = 4*c + 7. Calculate the remainder when v(y) is divided by 19 + ((-182)/42 - -3)*6.
9
Let d = 24 + -19. Suppose d*h - 258 = 2*h. What is the remainder when h is divided by 22?
20
Let k be 4*(38/(-8))/(-1). Calculate the remainder when 6 is divided by k/8 + 30/(-80).
0
Let t(a) = 3*a**2 + 5*a - 5. Let u(w) = w**3 - 8*w**2 - 10*w + 4. Let d be u(9). Suppose -7*v + 176 = 4*v. What is the remainder when t(d) is divided by v?
13
Let u(v) = -v**3 + 9*v**2 - 6*v - 28. What is the remainder when 65 is divided by u(7)?
9
Suppose -5*x - 21 = -3*s + 103, -4*s = 4*x - 208. Let n(p) = 51*p + 1. Let m be n(-1). Let h = -25 - m. Calculate the remainder when s is divided by h.
23
Let c(o) = 5*o + 217. Calculate the remainder when c(-34) is divided by 16.
15
Suppose -8*y = 13*y - 1449. What is the remainder when y is divided by 21?
6
Let w = -1283 + 1293. Calculate the remainder when w is divided by 3/(-2)*(-6 + 4).
1
Calculate the remainder when 685 is divided by 5 - (10 + -13)*1.
5
Let s(q) = -q**3 + 3*q**2 + 19*q - 17. What is the remainder when s(-5) is divided by 15?
13
Suppose 6*s - 24 - 78 = 0. Calculate the remainder when (3 - 1) + -4 - -48 is divided by s.
12
Let s = 9 + 15. Let c = 893 - 880. Calculate the remainder when s is divided by c.
11
Suppose -o + 12*o = 220. Let n = 0 + 0. Suppose 3*i + n*i = 174. Calculate the remainder when i is divided by o.
18
Suppose 72 = 2*w - 2*m, -5*w = 837*m - 836*m - 210. Calculate the remainder when w is divided by 33.
8
Let s(q) = -q**3 - q**2 + 1. Let f(z) = 5*z**3 + 11*z**2 - 4*z - 20. Let w(v) = -f(v) - 6*s(v). What is the remainder when w(5) is divided by 9?
7
Let a(x) = -10*x + 598. What is the remainder when 10/((-1)/(0 + -2)) is divided by a(59)?
4
Let v(y) = 13*y + 15. Suppose b + 3 - 8 = 0. Suppose 0 = b*r + 3 - 38. Calculate the remainder when v(r) is divided by 27.
25
Let s be -2*5*(-24)/20. Suppose 7*f - s = -c + 3*f, 5*f = -5*c + 60. What is the remainder when c is divided by 8?
4
Let m = 139 - 135. Suppose -4*y = -m*c + 160, 2*y + 4 = -0. Calculate the remainder when c is divided by 12.
2
Suppose 0 = k + 2*p - 36, k + 3*p = -3*k + 124. Let t(f) = -9*f - 53. Calculate the remainder when t(-18) is divided by k.
25
Let t(l) = 2*l + l - 4*l - 5*l + 4. Let z be t(3). Let d = z + 24. Calculate the remainder when d is divided by 2.
0
Let n be (-15)/(-5) + 2 + -34. Let p = n - -35. What is the remainder when 10 is divided by p?
4
Suppose -2*n - 2 = 0, -2*t + 2*n + 5 = 5*n. Suppose -2*p + 9 = -4*f - 1, 4*p = -t*f + 80. What is the remainder when 58 is divided by p?
13
Suppose -1535 + 599 = -24*p. Suppose -o + 18 = 2*o. What is the remainder when p is divided by o?
3
Suppose 9*s = -669 + 1236. What is the remainder when s is divided by 34?
29
Let o(x) = x**3 - x**2 - 2*x + 11. Let j be o(3). Suppose j*v - 52 = 19*v. Calculate the remainder when 63 is divided by v.
11
Calculate the remainder when (-3)/54*4 + (10 - (-2090)/90) is divided by (-9)/(-6)*44/3.
11
Let y = -770 + 1187. What is the remainder when y is divided by 19?
18
Let u(n) = n**2 - 5*n - 6. Calculate the remainder when -2 + 2/1 + 69 is divided by u(8).
15
Let t(g) = g**3 + 4*g**2 - 11*g - 1. What is the remainder when 70 is divided by t(-5)?
12
Let o = -75 + 75. Suppose 7*a - 105 = -o. Calculate the remainder when 0 + 2/(-4)*-146 is divided by a.
13
Suppose -4*z = -3*s - 0*z + 79, -z - 94 = -3*s. Suppose 2*p = o + 14, -5*p + 21 + 14 = -2*o. Calculate the remainder when s is divided by p.
5
Let j(x) be the first derivative of x**3/3 - x**2 + 4*x - 7. Let b be j(2). Suppose 0 = b*u - u - 105. What is the remainder when 69 is divided by u?
34
Let o(w) = w**3 + 2*w**2 + 1. Let d be o(-3). Let r be (3/6)/(2/d). What is the remainder when (-1)/(-2) - 185/r is divided by 24?
21
Let x(j) = j**2 - 10*j + 4. Let t be x(15). What is the remainder when 39 is divided by t/4 - 3/(-12)?
19
Let a(f) = 7*f + 98. Let z be a(-12). Suppose -i - n = -z, -n + 2*n = i - 6. Calculate the remainder when 109 is divided by i.
9
Let o = -6 - -22. Calculate the remainder when 41 - (-4)/(-8)*-2*5 is divided by o.
14
Let l(r) = -45*r - 27. What is the remainder when l(-4) is divided by 14?
13
What is the remainder when 101 is divided by 39 - 7 - 170/17?
13
Let a = 17 + 8. Let w(l) = 0 + 13*l + 1 + 23*l. Calculate the remainder when w(2) is divided by a.
23
Let i(g) = 9*g + 174. What is the remainder when 60 is divided by i(-17)?
18
Let l = -209 + 307. What is the remainder when 386 is divided by l?
92
Let f(i) = 14*i - 7. Let h(n) = 3*n + 41. Let b be h(-12). What is the remainder when f(b) is divided by 32?
31
Let k(z) = -z**2 + 12*z + 45. Calculate the remainder when 63 is divided by k(14).
12
Let m(c) = -105*c**2 - 3*c. Let t be m(1). Let w = t 